en 20488 is divided by 1365.
13
Calculate the remainder when 1670 is divided by 1220.
450
Calculate the remainder when 182901 is divided by 2.
1
Calculate the remainder when 1316 is divided by 259.
21
What is the remainder when 2764 is divided by 460?
4
What is the remainder when 173965 is divided by 2718?
13
What is the remainder when 189 is divided by 114?
75
Calculate the remainder when 12878 is divided by 53.
52
What is the remainder when 1483 is divided by 251?
228
Calculate the remainder when 3582 is divided by 23.
17
What is the remainder when 22754 is divided by 162?
74
Calculate the remainder when 2273 is divided by 2249.
24
What is the remainder when 3335 is divided by 292?
123
Calculate the remainder when 4247 is divided by 135.
62
What is the remainder when 20282 is divided by 14?
10
What is the remainder when 299914 is divided by 193?
185
What is the remainder when 6228 is divided by 353?
227
What is the remainder when 284776 is divided by 39?
37
What is the remainder when 13314 is divided by 2521?
709
What is the remainder when 4293 is divided by 1060?
53
What is the remainder when 238571 is divided by 219?
80
What is the remainder when 931 is divided by 558?
373
What is the remainder when 31505 is divided by 78?
71
Calculate the remainder when 74564 is divided by 355.
14
Calculate the remainder when 16572 is divided by 1104.
12
What is the remainder when 2526 is divided by 2445?
81
Calculate the remainder when 145586 is divided by 48517.
35
What is the remainder when 1825559 is divided by 45?
44
What is the remainder when 1693368 is divided by 238?
236
Calculate the remainder when 7825 is divided by 58.
53
Calculate the remainder when 1176250 is divided by 209.
207
Calculate the remainder when 884 is divided by 279.
47
Calculate the remainder when 14721 is divided by 1048.
49
Calculate the remainder when 368323 is divided by 52.
7
Calculate the remainder when 104428 is divided by 8.
4
Calculate the remainder when 58649 is divided by 133.
129
Calculate the remainder when 48111 is divided by 24048.
15
What is the remainder when 180177 is divided by 66?
63
Calculate the remainder when 34328 is divided by 104.
8
Calculate the remainder when 1920 is divided by 223.
136
Calculate the remainder when 1826 is divided by 942.
884
Calculate the remainder when 20433 is divided by 409.
392
Calculate the remainder when 602510 is divided by 537.
533
Calculate the remainder when 34919 is divided by 28.
3
Calculate the remainder when 52734 is divided by 256.
254
What is the remainder when 221 is divided by 194?
27
Calculate the remainder when 4072369 is divided by 283.
282
Calculate the remainder when 198643 is divided by 77.
60
Calculate the remainder when 21418 is divided by 249.
4
What is the remainder when 100288 is divided by 289?
5
Calculate the remainder when 3656 is divided by 474.
338
What is the remainder when 15677 is divided by 80?
77
What is the remainder when 237749 is divided by 4?
1
Calculate the remainder when 15677 is divided by 287.
179
What is the remainder when 21513 is divided by 22?
19
What is the remainder when 33487 is divided by 92?
91
What is the remainder when 7793 is divided by 3879?
35
Calculate the remainder when 3840 is divided by 151.
65
Calculate the remainder when 10066 is divided by 1677.
4
Calculate the remainder when 196111 is divided by 432.
415
What is the remainder when 1847 is divided by 149?
59
Calculate the remainder when 1235 is divided by 15.
5
What is the remainder when 1832287 is divided by 3?
1
What is the remainder when 63410 is divided by 9051?
53
Calculate the remainder when 2610 is divided by 266.
216
What is the remainder when 102559 is divided by 152?
111
What is the remainder when 528183 is divided by 26?
19
Calculate the remainder when 53366 is divided by 224.
54
What is the remainder when 178913 is divided by 168?
161
Calculate the remainder when 49702 is divided by 218.
216
What is the remainder when 273594 is divided by 192?
186
What is the remainder when 146371 is divided by 148?
147
Calculate the remainder when 11442 is divided by 1867.
240
Calculate the remainder when 8088 is divided by 127.
87
What is the remainder when 9745 is divided by 11?
10
Calculate the remainder when 14293 is divided by 117.
19
Calculate the remainder when 1233 is divided by 1055.
178
Calculate the remainder when 173 is divided by 64.
45
Calculate the remainder when 15044 is divided by 256.
196
What is the remainder when 1181 is divided by 625?
556
Calculate the remainder when 464218 is divided by 90.
88
What is the remainder when 222073 is divided by 15?
13
Calculate the remainder when 2770 is divided by 650.
170
Calculate the remainder when 578151 is divided by 89.
7
Calculate the remainder when 42517 is divided by 10.
7
Calculate the remainder when 62463 is divided by 58.
55
Calculate the remainder when 12499 is divided by 9.
7
Calculate the remainder when 6187 is divided by 364.
363
Calculate the remainder when 553330 is divided by 294.
22
Calculate the remainder when 71439 is divided by 71431.
8
What is the remainder when 1904 is divided by 582?
158
What is the remainder when 20153 is divided by 2879?
0
Calculate the remainder when 37646 is divided by 50.
46
Calculate the remainder when 75378 is divided by 373.
32
Calculate the remainder when 2287 is divided by 461.
443
Calculate the remainder when 268753 is divided by 437.
435
Calculate the remainder when 545934 is divided by 3174.
6
What is the remainder when 3413355 is divided by 78?
75
Calculate the remainder when 457 is divided by 423.
34
What is the remainder when 6763 is divided by 205?
203
What is the remainder when 188342 is divided by 893?
812
What is the remainder when 653 is divided by 392?
261
Calculate the remainder when 13688 is divided by 18.
8
Calculate the remainder when 2480 is divided by 825.
5
Calculate the remainder when 693746 is divided by 269.
264
What is the remainder when 71561 is divided by 63?
56
What is the remainder when 251363 is divided by 79?
64
Calculate the remainder when 4994 is divided by 358.
340
Calculate the remainder when 172648 is divided by 445.
433
Calculate the remainder when 26650 is divided by 1902.
22
Calculate the remainder when 699335 is divided by 365.
360
Calculate the remainder when 13818 is divided by 133.
119
Calculate the remainder when 12714 is divided by 2515.
139
Calculate the remainder when 3804 is divided by 70.
24
Calculate the remainder when 8267 is divided by 952.
651
What is the remainder when 2950 is divided by 213?
181
Calculate the remainder when 41304 is divided by 293.
284
What is the remainder when 239422 is divided by 6?
4
Calculate the remainder when 4916 is divided by 247.
223
What is the remainder when 17393 is divided by 1727?
123
What is the remainder when 4935 is divided by 2434?
67
Calculate the remainder when 631 is divided by 289.
53
What is the remainder when 1206 is divided by 389?
39
What is the remainder when 8312 is divided by 130?
122
What is the remainder when 4081 is divided by 43?
39
What is the remainder when 5686 is divided by 932?
94
What is the remainder when 60692 is divided by 108?
104
What is the remainder when 153725 is divided by 1653?
1649
What is the remainder when 3359 is divided by 6?
5
What is the remainder when 123325 is divided by 971?
8
What is the remainder when 24951 is divided by 601?
310
Calculate the remainder when 380 is divided by 166.
48
Calculate the remainder when 5833 is divided by 389.
387
What is the remainder when 598055 is divided by 27184?
7
Calculate the remainder when 3910 is divided by 550.
60
Calculate the remainder when 23616 is divided by 7838.
102
What is the remainder when 1265 is divided by 308?
33
What is the remainder when 9299 is divided by 408?
323
Calculate the remainder when 7799 is divided by 83.
80
Calculate the remainder when 2004297 is divided by 786.
783
What is the remainder when 1582 is divided by 835?
747
What is the remainder when 5329 is divided by 2664?
1
What is the remainder when 26039 is divided by 79?
48
Calculate the remainder when 123670 is divided by 54.
10
What is the remainder when 648127 is divided by 329?
326
What is the remainder when 6017 is divided by 2004?
5
Calculate the remainder when 